{"id":46,"date":"2022-05-18T19:02:23","date_gmt":"2022-05-18T19:02:23","guid":{"rendered":"https:\/\/xn--cllnercompagney-8sb.de\/?page_id=46"},"modified":"2025-08-18T19:18:38","modified_gmt":"2025-08-18T19:18:38","slug":"biographien","status":"publish","type":"page","link":"https:\/\/xn--cllnercompagney-8sb.de\/?page_id=46","title":{"rendered":"Biographien"},"content":{"rendered":"\r\n<p>&nbsp;<\/p>\r\n\r\n\r\n<div class=\"wp-block-media-text is-stacked-on-mobile\">\r\n<figure class=\"wp-block-media-text__media\"><img loading=\"lazy\" decoding=\"async\" width=\"647\" height=\"1024\" class=\"wp-image-205 size-full\" src=\"https:\/\/xn--cllnercompagney-8sb.de\/wp-content\/uploads\/2023\/03\/IMG_8467vontiff_t-647x1024.jpg\" alt=\"\" srcset=\"https:\/\/xn--cllnercompagney-8sb.de\/wp-content\/uploads\/2023\/03\/IMG_8467vontiff_t-647x1024.jpg 647w, https:\/\/xn--cllnercompagney-8sb.de\/wp-content\/uploads\/2023\/03\/IMG_8467vontiff_t-190x300.jpg 190w, https:\/\/xn--cllnercompagney-8sb.de\/wp-content\/uploads\/2023\/03\/IMG_8467vontiff_t-768x1215.jpg 768w, https:\/\/xn--cllnercompagney-8sb.de\/wp-content\/uploads\/2023\/03\/IMG_8467vontiff_t-971x1536.jpg 971w, https:\/\/xn--cllnercompagney-8sb.de\/wp-content\/uploads\/2023\/03\/IMG_8467vontiff_t-1295x2048.jpg 1295w, https:\/\/xn--cllnercompagney-8sb.de\/wp-content\/uploads\/2023\/03\/IMG_8467vontiff_t-scaled.jpg 1619w\" sizes=\"auto, (max-width: 647px) 100vw, 647px\" \/><\/figure>\r\n<div class=\"wp-block-media-text__content\">\r\n<p><span style=\"font-family: helvetica, arial, sans-serif; font-size: 12px;\"><strong>Gabriele Bultmann<\/strong> studierte Blockfl\u00f6te an der HdK Berlin, in Milano und Amsterdam, au\u00dferdem Gesang, Cembalo, Barockgeige und diverse Mittelalterinstrumente; intensive und internationale Konzert- und Unterrichtst\u00e4tigkeit, mehrere eigene Ensembles f\u00fcr Musik von Mittelalter bis Moderne, 6 eigene CDs. Instrumentenforscherin und -sammlerin; Rekonstruktionsauftr\u00e4ge und artistic research f\u00fcr \u201everlorene\u201c fr\u00fche Instrumente. F\u00fchrungen\/Vortr\u00e4ge\/didaktische Konzerte\/Workshops im Musikinstrumenten-Museum Berlin und in der Gem\u00e4ldegalerie Berlin, instrumentengeschichtliche Vortr\u00e4ge.<\/span><br \/>\r\n<br \/>\r\n<\/p>\r\n<\/div>\r\n<\/div>\r\n\r\n\r\n<div class=\"wp-block-media-text is-stacked-on-mobile\">\r\n<figure class=\"wp-block-media-text__media\"><img loading=\"lazy\" decoding=\"async\" width=\"809\" height=\"1024\" class=\"wp-image-207 size-full\" src=\"https:\/\/xn--cllnercompagney-8sb.de\/wp-content\/uploads\/2023\/03\/IMG_8504-809x1024.jpg\" alt=\"\" srcset=\"https:\/\/xn--cllnercompagney-8sb.de\/wp-content\/uploads\/2023\/03\/IMG_8504-809x1024.jpg 809w, https:\/\/xn--cllnercompagney-8sb.de\/wp-content\/uploads\/2023\/03\/IMG_8504-237x300.jpg 237w, https:\/\/xn--cllnercompagney-8sb.de\/wp-content\/uploads\/2023\/03\/IMG_8504-768x972.jpg 768w, https:\/\/xn--cllnercompagney-8sb.de\/wp-content\/uploads\/2023\/03\/IMG_8504-1214x1536.jpg 1214w, https:\/\/xn--cllnercompagney-8sb.de\/wp-content\/uploads\/2023\/03\/IMG_8504-1619x2048.jpg 1619w, https:\/\/xn--cllnercompagney-8sb.de\/wp-content\/uploads\/2023\/03\/IMG_8504-scaled.jpg 2024w\" sizes=\"auto, (max-width: 809px) 100vw, 809px\" \/><\/figure>\r\n<div class=\"wp-block-media-text__content\">\r\n<p><span style=\"font-family: helvetica, arial, sans-serif; font-size: 12px;\"><strong>Markus Friemel<\/strong> studierte Blockfl\u00f6te in Freiburg i.B. und Utrecht\/NL.<\/span><br \/>\r\n<span style=\"font-family: helvetica, arial, sans-serif; font-size: 12px;\">Langj\u00e4hrige T\u00e4tigkeit als konzertierender Musiker als Solist und in verschiedenen Ensembles im In- und Ausland, Beteiligung an Rundfunk-und Fernsehproduktionen. Als Instrumentalp\u00e4dagoge langj\u00e4hrig t\u00e4tig an diversen Musikschulen, als Dozent auf Kursen und Workshops im In-und Ausland.<\/span><br \/>\r\n<span style=\"font-family: helvetica, arial, sans-serif; font-size: 12px;\">2008 Gr\u00fcndung des \u201eStudio a \u00b4415, Schule f\u00fcr Alte Musik und musikalische Bildung\u201c,\u00a0 wo er heute noch unterrichtet.<\/span><\/p>\r\n<\/div>\r\n<\/div>\r\n\r\n\r\n<div class=\"wp-block-media-text is-stacked-on-mobile\">\r\n<figure class=\"wp-block-media-text__media\"><img loading=\"lazy\" decoding=\"async\" width=\"775\" height=\"1024\" class=\"wp-image-208 size-full\" src=\"https:\/\/xn--cllnercompagney-8sb.de\/wp-content\/uploads\/2023\/03\/IMG_8475-775x1024.jpg\" alt=\"\" srcset=\"https:\/\/xn--cllnercompagney-8sb.de\/wp-content\/uploads\/2023\/03\/IMG_8475-775x1024.jpg 775w, https:\/\/xn--cllnercompagney-8sb.de\/wp-content\/uploads\/2023\/03\/IMG_8475-227x300.jpg 227w, https:\/\/xn--cllnercompagney-8sb.de\/wp-content\/uploads\/2023\/03\/IMG_8475-768x1014.jpg 768w, https:\/\/xn--cllnercompagney-8sb.de\/wp-content\/uploads\/2023\/03\/IMG_8475-1163x1536.jpg 1163w, https:\/\/xn--cllnercompagney-8sb.de\/wp-content\/uploads\/2023\/03\/IMG_8475-1551x2048.jpg 1551w, https:\/\/xn--cllnercompagney-8sb.de\/wp-content\/uploads\/2023\/03\/IMG_8475-scaled.jpg 1939w\" sizes=\"auto, (max-width: 775px) 100vw, 775px\" \/><\/figure>\r\n<div class=\"wp-block-media-text__content\">\r\n<p><span style=\"font-size: 12px; font-family: helvetica, arial, sans-serif;\"><strong>Christian Hagitte<\/strong> studierte Blockfl\u00f6te bei Karel van Steenhoven und Gerd L\u00fcnenb\u00fcrger und musiziert in verschiedenenen Ensembles f\u00fcr alte Musik. Er lebt als Komponist und Produzent im Gro\u00dfraum Berlin und hat mit vielen K\u00fcnstlern diverse Projekte realisiert. So dirigierte er im Rahmen des Festivals \u201eRhapsody in Hochmeister\u201c die Urauff\u00fchrung seiner \u201eMissa Popularis op.17\u201c f\u00fcr gemischten Chor, Mezzosopran und Sinfonieorchester.<\/span><\/p>\r\n<\/div>\r\n<\/div>\r\n\r\n\r\n<div class=\"wp-block-media-text is-stacked-on-mobile\">\r\n<figure class=\"wp-block-media-text__media\"><img loading=\"lazy\" decoding=\"async\" width=\"752\" height=\"1024\" class=\"wp-image-206 size-full\" src=\"https:\/\/xn--cllnercompagney-8sb.de\/wp-content\/uploads\/2023\/03\/IMG_8512-752x1024.jpg\" alt=\"\" srcset=\"https:\/\/xn--cllnercompagney-8sb.de\/wp-content\/uploads\/2023\/03\/IMG_8512-752x1024.jpg 752w, https:\/\/xn--cllnercompagney-8sb.de\/wp-content\/uploads\/2023\/03\/IMG_8512-220x300.jpg 220w, https:\/\/xn--cllnercompagney-8sb.de\/wp-content\/uploads\/2023\/03\/IMG_8512-768x1045.jpg 768w, https:\/\/xn--cllnercompagney-8sb.de\/wp-content\/uploads\/2023\/03\/IMG_8512-1129x1536.jpg 1129w, https:\/\/xn--cllnercompagney-8sb.de\/wp-content\/uploads\/2023\/03\/IMG_8512-1505x2048.jpg 1505w, https:\/\/xn--cllnercompagney-8sb.de\/wp-content\/uploads\/2023\/03\/IMG_8512-scaled.jpg 1881w\" sizes=\"auto, (max-width: 752px) 100vw, 752px\" \/><\/figure>\r\n<div class=\"wp-block-media-text__content\">\r\n<p><span style=\"font-size: 12px; font-family: helvetica, arial, sans-serif;\"><strong>Leila Schoeneich<\/strong> studierte Blockfl\u00f6te in Berlin und Amsterdam. Sie konzertiert als Solistin und als Mitglied verschiedener internationaler Ensembles, dabei reicht ihr Repertoire vom Mittelalter bis zur Moderne. Mit dem von ihr gegr\u00fcndeten Musiktheater Musitabor gastiert sie u.a. bei den H\u00e4ndel-Festspielen, bei den Tagen mitteldeutscher Barockmusik, beim Heinrich Sch\u00fctz Musikfest und im Berliner Musikinstrumenten Museum. Sie ist an CD- und Musikvideo-Produktionen beteiligt und 2021 und 2022 Stipendiatin des Deutschen Musikrats.<\/span><\/p>\r\n<\/div>\r\n<\/div>\r\n\r\n\r\n<p>&nbsp;<\/p>\r\n\r\n\r\n<div class=\"wp-block-media-text is-stacked-on-mobile\">\r\n<figure class=\"wp-block-media-text__media\"><img loading=\"lazy\" decoding=\"async\" width=\"809\" height=\"1024\" class=\"wp-image-209 size-full\" src=\"https:\/\/xn--cllnercompagney-8sb.de\/wp-content\/uploads\/2023\/03\/IMG_8536-809x1024.jpg\" alt=\"\" srcset=\"https:\/\/xn--cllnercompagney-8sb.de\/wp-content\/uploads\/2023\/03\/IMG_8536-809x1024.jpg 809w, https:\/\/xn--cllnercompagney-8sb.de\/wp-content\/uploads\/2023\/03\/IMG_8536-237x300.jpg 237w, https:\/\/xn--cllnercompagney-8sb.de\/wp-content\/uploads\/2023\/03\/IMG_8536-768x972.jpg 768w, https:\/\/xn--cllnercompagney-8sb.de\/wp-content\/uploads\/2023\/03\/IMG_8536-1214x1536.jpg 1214w, https:\/\/xn--cllnercompagney-8sb.de\/wp-content\/uploads\/2023\/03\/IMG_8536-1619x2048.jpg 1619w, https:\/\/xn--cllnercompagney-8sb.de\/wp-content\/uploads\/2023\/03\/IMG_8536-scaled.jpg 2023w\" sizes=\"auto, (max-width: 809px) 100vw, 809px\" \/><\/figure>\r\n<div class=\"wp-block-media-text__content\">\r\n<p><span style=\"font-family: helvetica, arial, sans-serif; font-size: 12px;\"><strong>Susann Seegers<\/strong> studierte Diplommusikp\u00e4dagogik in Hannover\u00a0 und Blockfl\u00f6te mit Konzertexamen in K\u00f6ln. Studien bei W. van Hauwe und M. Weilenmann.\u00a0 Konzertt\u00e4tigkeit im In-und Ausland mit Alte- Musik- Ensembles. Spiel von Doppelrohrblattinstrumenten und Dudels\u00e4cken aus verschiedenen Kulturkreisen vom Mittelalter bis zum Folk. Musikunterricht in Schulen und Educationprojekten Berliner Orchester.<\/span><\/p>\r\n<\/div>\r\n<\/div>\r\n\r\n\r\n<p>&nbsp;<\/p>\r\n\r\n","protected":false},"excerpt":{"rendered":"<p>&nbsp; Gabriele Bultmann studierte Blockfl\u00f6te an der HdK Berlin, in Milano und Amsterdam, au\u00dferdem Gesang, Cembalo, Barockgeige und diverse Mittelalterinstrumente; intensive und internationale Konzert- und Unterrichtst\u00e4tigkeit, mehrere eigene Ensembles f\u00fcr Musik von Mittelalter bis Moderne, 6 eigene CDs. Instrumentenforscherin und &hellip; <a href=\"https:\/\/xn--cllnercompagney-8sb.de\/?page_id=46\">Weiterlesen <span class=\"meta-nav\">&rarr;<\/span><\/a><\/p>\n","protected":false},"author":1,"featured_media":0,"parent":0,"menu_order":0,"comment_status":"closed","ping_status":"closed","template":"","meta":{"footnotes":""},"class_list":["post-46","page","type-page","status-publish","hentry"],"_links":{"self":[{"href":"https:\/\/xn--cllnercompagney-8sb.de\/index.php?rest_route=\/wp\/v2\/pages\/46","targetHints":{"allow":["GET"]}}],"collection":[{"href":"https:\/\/xn--cllnercompagney-8sb.de\/index.php?rest_route=\/wp\/v2\/pages"}],"about":[{"href":"https:\/\/xn--cllnercompagney-8sb.de\/index.php?rest_route=\/wp\/v2\/types\/page"}],"author":[{"embeddable":true,"href":"https:\/\/xn--cllnercompagney-8sb.de\/index.php?rest_route=\/wp\/v2\/users\/1"}],"replies":[{"embeddable":true,"href":"https:\/\/xn--cllnercompagney-8sb.de\/index.php?rest_route=%2Fwp%2Fv2%2Fcomments&post=46"}],"version-history":[{"count":58,"href":"https:\/\/xn--cllnercompagney-8sb.de\/index.php?rest_route=\/wp\/v2\/pages\/46\/revisions"}],"predecessor-version":[{"id":340,"href":"https:\/\/xn--cllnercompagney-8sb.de\/index.php?rest_route=\/wp\/v2\/pages\/46\/revisions\/340"}],"wp:attachment":[{"href":"https:\/\/xn--cllnercompagney-8sb.de\/index.php?rest_route=%2Fwp%2Fv2%2Fmedia&parent=46"}],"curies":[{"name":"wp","href":"https:\/\/api.w.org\/{rel}","templated":true}]}}